{"id":53672,"date":"2025-11-04T11:35:11","date_gmt":"2025-11-04T10:35:11","guid":{"rendered":"https:\/\/www.dffb.de\/?post_type=person&#038;p=53672"},"modified":"2025-11-04T11:35:11","modified_gmt":"2025-11-04T10:35:11","slug":"heike-parplies","status":"publish","type":"person","link":"https:\/\/www.dffb.de\/en\/person\/heike-parplies\/","title":{"rendered":"Heike Parplies"},"content":{"rendered":"","protected":false},"featured_media":0,"template":"","categories":[151,19],"tags":[],"class_list":["post-53672","person","type-person","status-publish","hentry","category-editing-sound","category-senior-lectureres-en"],"acf":{"position":"","person-e-mail":"","person_telefon":"","vita":"Heike Parplies worked as an assistant editor from 1999 to 2002 after studying Modern German Literature and Media. She was nominated for the FilmPlus Editing Award for DER WALD VOR LAUTER B\u00c4UMEN (2003) and won it in 2009 for ALLE ANDEREN and in 2017 for TONI ERDMANN. The film she edited, A VIDA INVIS\u00cdVEL DE EUR\u00cdDICE GUSM\u00c3O by Karim A\u00efnouz, won the Un Certain Regard award at Cannes 2019. FIREBRAND (2023) and ROSEBUSHPRUNING are her most recent collaborations with Karim A\u00efnouz. She is a member of the Academy of Motion Picture Arts and Sciences, the German Film Academy, and the European Film Academy."},"yoast_head":"<!-- This site is optimized with the Yoast SEO plugin v26.8 - https:\/\/yoast.com\/product\/yoast-seo-wordpress\/ -->\n<title>Heike Parplies - DFFB<\/title>\n<meta name=\"robots\" content=\"index, follow, max-snippet:-1, max-image-preview:large, max-video-preview:-1\" \/>\n<link rel=\"canonical\" href=\"https:\/\/www.dffb.de\/en\/person\/heike-parplies\/\" \/>\n<meta property=\"og:locale\" content=\"en_US\" \/>\n<meta property=\"og:type\" content=\"article\" \/>\n<meta property=\"og:title\" content=\"Heike Parplies - DFFB\" \/>\n<meta property=\"og:url\" content=\"https:\/\/www.dffb.de\/en\/person\/heike-parplies\/\" \/>\n<meta property=\"og:site_name\" content=\"DFFB\" \/>\n<meta property=\"article:publisher\" content=\"https:\/\/www.facebook.com\/deutschefilmundfernsehakademieberlin\/\" \/>\n<meta name=\"twitter:card\" content=\"summary_large_image\" \/>\n<script type=\"application\/ld+json\" class=\"yoast-schema-graph\">{\"@context\":\"https:\/\/schema.org\",\"@graph\":[{\"@type\":\"WebPage\",\"@id\":\"https:\/\/www.dffb.de\/en\/person\/heike-parplies\/\",\"url\":\"https:\/\/www.dffb.de\/en\/person\/heike-parplies\/\",\"name\":\"Heike Parplies - DFFB\",\"isPartOf\":{\"@id\":\"https:\/\/www.dffb.de\/#website\"},\"datePublished\":\"2025-11-04T10:35:11+00:00\",\"breadcrumb\":{\"@id\":\"https:\/\/www.dffb.de\/en\/person\/heike-parplies\/#breadcrumb\"},\"inLanguage\":\"en-US\",\"potentialAction\":[{\"@type\":\"ReadAction\",\"target\":[\"https:\/\/www.dffb.de\/en\/person\/heike-parplies\/\"]}]},{\"@type\":\"BreadcrumbList\",\"@id\":\"https:\/\/www.dffb.de\/en\/person\/heike-parplies\/#breadcrumb\",\"itemListElement\":[{\"@type\":\"ListItem\",\"position\":1,\"name\":\"Startseite\",\"item\":\"https:\/\/www.dffb.de\/en\/\"},{\"@type\":\"ListItem\",\"position\":2,\"name\":\"Heike Parplies\"}]},{\"@type\":\"WebSite\",\"@id\":\"https:\/\/www.dffb.de\/#website\",\"url\":\"https:\/\/www.dffb.de\/\",\"name\":\"DFFB\",\"description\":\"Deutsche Film- und Fernsehakademie Berlin\",\"publisher\":{\"@id\":\"https:\/\/www.dffb.de\/#organization\"},\"potentialAction\":[{\"@type\":\"SearchAction\",\"target\":{\"@type\":\"EntryPoint\",\"urlTemplate\":\"https:\/\/www.dffb.de\/?s={search_term_string}\"},\"query-input\":{\"@type\":\"PropertyValueSpecification\",\"valueRequired\":true,\"valueName\":\"search_term_string\"}}],\"inLanguage\":\"en-US\"},{\"@type\":\"Organization\",\"@id\":\"https:\/\/www.dffb.de\/#organization\",\"name\":\"Deutsche Film- und Fernsehakademie Berlin\",\"url\":\"https:\/\/www.dffb.de\/\",\"logo\":{\"@type\":\"ImageObject\",\"inLanguage\":\"en-US\",\"@id\":\"https:\/\/www.dffb.de\/#\/schema\/logo\/image\/\",\"url\":\"https:\/\/www.dffb.de\/wp-content\/uploads\/2018\/11\/DFFB-LOGO-RGB-SCHWARZ-ab-40mm.jpg\",\"contentUrl\":\"https:\/\/www.dffb.de\/wp-content\/uploads\/2018\/11\/DFFB-LOGO-RGB-SCHWARZ-ab-40mm.jpg\",\"width\":3000,\"height\":982,\"caption\":\"Deutsche Film- und Fernsehakademie Berlin\"},\"image\":{\"@id\":\"https:\/\/www.dffb.de\/#\/schema\/logo\/image\/\"},\"sameAs\":[\"https:\/\/www.facebook.com\/deutschefilmundfernsehakademieberlin\/\",\"https:\/\/www.instagram.com\/dffb_berlin_filmschool\/\"]}]}<\/script>\n<!-- \/ Yoast SEO plugin. -->","yoast_head_json":{"title":"Heike Parplies - DFFB","robots":{"index":"index","follow":"follow","max-snippet":"max-snippet:-1","max-image-preview":"max-image-preview:large","max-video-preview":"max-video-preview:-1"},"canonical":"https:\/\/www.dffb.de\/en\/person\/heike-parplies\/","og_locale":"en_US","og_type":"article","og_title":"Heike Parplies - DFFB","og_url":"https:\/\/www.dffb.de\/en\/person\/heike-parplies\/","og_site_name":"DFFB","article_publisher":"https:\/\/www.facebook.com\/deutschefilmundfernsehakademieberlin\/","twitter_card":"summary_large_image","schema":{"@context":"https:\/\/schema.org","@graph":[{"@type":"WebPage","@id":"https:\/\/www.dffb.de\/en\/person\/heike-parplies\/","url":"https:\/\/www.dffb.de\/en\/person\/heike-parplies\/","name":"Heike Parplies - DFFB","isPartOf":{"@id":"https:\/\/www.dffb.de\/#website"},"datePublished":"2025-11-04T10:35:11+00:00","breadcrumb":{"@id":"https:\/\/www.dffb.de\/en\/person\/heike-parplies\/#breadcrumb"},"inLanguage":"en-US","potentialAction":[{"@type":"ReadAction","target":["https:\/\/www.dffb.de\/en\/person\/heike-parplies\/"]}]},{"@type":"BreadcrumbList","@id":"https:\/\/www.dffb.de\/en\/person\/heike-parplies\/#breadcrumb","itemListElement":[{"@type":"ListItem","position":1,"name":"Startseite","item":"https:\/\/www.dffb.de\/en\/"},{"@type":"ListItem","position":2,"name":"Heike Parplies"}]},{"@type":"WebSite","@id":"https:\/\/www.dffb.de\/#website","url":"https:\/\/www.dffb.de\/","name":"DFFB","description":"Deutsche Film- und Fernsehakademie Berlin","publisher":{"@id":"https:\/\/www.dffb.de\/#organization"},"potentialAction":[{"@type":"SearchAction","target":{"@type":"EntryPoint","urlTemplate":"https:\/\/www.dffb.de\/?s={search_term_string}"},"query-input":{"@type":"PropertyValueSpecification","valueRequired":true,"valueName":"search_term_string"}}],"inLanguage":"en-US"},{"@type":"Organization","@id":"https:\/\/www.dffb.de\/#organization","name":"Deutsche Film- und Fernsehakademie Berlin","url":"https:\/\/www.dffb.de\/","logo":{"@type":"ImageObject","inLanguage":"en-US","@id":"https:\/\/www.dffb.de\/#\/schema\/logo\/image\/","url":"https:\/\/www.dffb.de\/wp-content\/uploads\/2018\/11\/DFFB-LOGO-RGB-SCHWARZ-ab-40mm.jpg","contentUrl":"https:\/\/www.dffb.de\/wp-content\/uploads\/2018\/11\/DFFB-LOGO-RGB-SCHWARZ-ab-40mm.jpg","width":3000,"height":982,"caption":"Deutsche Film- und Fernsehakademie Berlin"},"image":{"@id":"https:\/\/www.dffb.de\/#\/schema\/logo\/image\/"},"sameAs":["https:\/\/www.facebook.com\/deutschefilmundfernsehakademieberlin\/","https:\/\/www.instagram.com\/dffb_berlin_filmschool\/"]}]}},"_links":{"self":[{"href":"https:\/\/www.dffb.de\/en\/wp-json\/wp\/v2\/person\/53672","targetHints":{"allow":["GET"]}}],"collection":[{"href":"https:\/\/www.dffb.de\/en\/wp-json\/wp\/v2\/person"}],"about":[{"href":"https:\/\/www.dffb.de\/en\/wp-json\/wp\/v2\/types\/person"}],"wp:attachment":[{"href":"https:\/\/www.dffb.de\/en\/wp-json\/wp\/v2\/media?parent=53672"}],"wp:term":[{"taxonomy":"category","embeddable":true,"href":"https:\/\/www.dffb.de\/en\/wp-json\/wp\/v2\/categories?post=53672"},{"taxonomy":"post_tag","embeddable":true,"href":"https:\/\/www.dffb.de\/en\/wp-json\/wp\/v2\/tags?post=53672"}],"curies":[{"name":"wp","href":"https:\/\/api.w.org\/{rel}","templated":true}]}}

Heike Parplies worked as an assistant editor from 1999 to 2002 after studying Modern German Literature and Media. She was nominated for the FilmPlus Editing Award for DER WALD VOR LAUTER BÄUMEN (2003) and won it in 2009 for ALLE ANDEREN and in 2017 for TONI ERDMANN. The film she edited, A VIDA INVISÍVEL DE EURÍDICE GUSMÃO by Karim Aïnouz, won the Un Certain Regard award at Cannes 2019. FIREBRAND (2023) and ROSEBUSHPRUNING are her most recent collaborations with Karim Aïnouz. She is a member of the Academy of Motion Picture Arts and Sciences, the German Film Academy, and the European Film Academy.
