{"id":53712,"date":"2025-11-04T12:14:17","date_gmt":"2025-11-04T11:14:17","guid":{"rendered":"https:\/\/www.dffb.de\/?post_type=person&#038;p=53712"},"modified":"2025-11-04T12:14:18","modified_gmt":"2025-11-04T11:14:18","slug":"damian-kocur","status":"publish","type":"person","link":"https:\/\/www.dffb.de\/en\/person\/damian-kocur\/","title":{"rendered":"Dami\u00adan Kocur"},"content":{"rendered":"","protected":false},"featured_media":0,"template":"","categories":[150,19],"tags":[],"class_list":["post-53712","person","type-person","status-publish","hentry","category-directing","category-senior-lectureres-en"],"acf":{"position":"","person-e-mail":"","person_telefon":"","vita":"Damian Kocur is a director, screenwriter, and cinematographer, and a PhD student at the \u0141\u00f3d\u017a Film School. He is the author of several internationally awarded short films. His debut feature BREAD AND SALT (2022) won the Special Jury Prize in the Orizzonti competition at the 2022 Venice Film Festival and received awards at Cairo IFF, Antalya IFF, Cottbus Film Festival, Gij\u00f3n, and many others. His short film AS IT WAS (2023) was nominated for the Palme d\u2019Or in 2023. His latest feature will premiere at the Toronto International Film Festival."},"yoast_head":"<!-- This site is optimized with the Yoast SEO plugin v26.8 - https:\/\/yoast.com\/product\/yoast-seo-wordpress\/ -->\n<title>Damian Kocur - DFFB<\/title>\n<meta name=\"robots\" content=\"index, follow, max-snippet:-1, max-image-preview:large, max-video-preview:-1\" \/>\n<link rel=\"canonical\" href=\"https:\/\/www.dffb.de\/en\/person\/damian-kocur\/\" \/>\n<meta property=\"og:locale\" content=\"en_US\" \/>\n<meta property=\"og:type\" content=\"article\" \/>\n<meta property=\"og:title\" content=\"Damian Kocur - DFFB\" \/>\n<meta property=\"og:url\" content=\"https:\/\/www.dffb.de\/en\/person\/damian-kocur\/\" \/>\n<meta property=\"og:site_name\" content=\"DFFB\" \/>\n<meta property=\"article:publisher\" content=\"https:\/\/www.facebook.com\/deutschefilmundfernsehakademieberlin\/\" \/>\n<meta property=\"article:modified_time\" content=\"2025-11-04T11:14:18+00:00\" \/>\n<meta name=\"twitter:card\" content=\"summary_large_image\" \/>\n<script type=\"application\/ld+json\" class=\"yoast-schema-graph\">{\"@context\":\"https:\/\/schema.org\",\"@graph\":[{\"@type\":\"WebPage\",\"@id\":\"https:\/\/www.dffb.de\/en\/person\/damian-kocur\/\",\"url\":\"https:\/\/www.dffb.de\/en\/person\/damian-kocur\/\",\"name\":\"Damian Kocur - DFFB\",\"isPartOf\":{\"@id\":\"https:\/\/www.dffb.de\/#website\"},\"datePublished\":\"2025-11-04T11:14:17+00:00\",\"dateModified\":\"2025-11-04T11:14:18+00:00\",\"breadcrumb\":{\"@id\":\"https:\/\/www.dffb.de\/en\/person\/damian-kocur\/#breadcrumb\"},\"inLanguage\":\"en-US\",\"potentialAction\":[{\"@type\":\"ReadAction\",\"target\":[\"https:\/\/www.dffb.de\/en\/person\/damian-kocur\/\"]}]},{\"@type\":\"BreadcrumbList\",\"@id\":\"https:\/\/www.dffb.de\/en\/person\/damian-kocur\/#breadcrumb\",\"itemListElement\":[{\"@type\":\"ListItem\",\"position\":1,\"name\":\"Startseite\",\"item\":\"https:\/\/www.dffb.de\/en\/\"},{\"@type\":\"ListItem\",\"position\":2,\"name\":\"Damian Kocur\"}]},{\"@type\":\"WebSite\",\"@id\":\"https:\/\/www.dffb.de\/#website\",\"url\":\"https:\/\/www.dffb.de\/\",\"name\":\"DFFB\",\"description\":\"Deutsche Film- und Fernsehakademie Berlin\",\"publisher\":{\"@id\":\"https:\/\/www.dffb.de\/#organization\"},\"potentialAction\":[{\"@type\":\"SearchAction\",\"target\":{\"@type\":\"EntryPoint\",\"urlTemplate\":\"https:\/\/www.dffb.de\/?s={search_term_string}\"},\"query-input\":{\"@type\":\"PropertyValueSpecification\",\"valueRequired\":true,\"valueName\":\"search_term_string\"}}],\"inLanguage\":\"en-US\"},{\"@type\":\"Organization\",\"@id\":\"https:\/\/www.dffb.de\/#organization\",\"name\":\"Deutsche Film- und Fernsehakademie Berlin\",\"url\":\"https:\/\/www.dffb.de\/\",\"logo\":{\"@type\":\"ImageObject\",\"inLanguage\":\"en-US\",\"@id\":\"https:\/\/www.dffb.de\/#\/schema\/logo\/image\/\",\"url\":\"https:\/\/www.dffb.de\/wp-content\/uploads\/2018\/11\/DFFB-LOGO-RGB-SCHWARZ-ab-40mm.jpg\",\"contentUrl\":\"https:\/\/www.dffb.de\/wp-content\/uploads\/2018\/11\/DFFB-LOGO-RGB-SCHWARZ-ab-40mm.jpg\",\"width\":3000,\"height\":982,\"caption\":\"Deutsche Film- und Fernsehakademie Berlin\"},\"image\":{\"@id\":\"https:\/\/www.dffb.de\/#\/schema\/logo\/image\/\"},\"sameAs\":[\"https:\/\/www.facebook.com\/deutschefilmundfernsehakademieberlin\/\",\"https:\/\/www.instagram.com\/dffb_berlin_filmschool\/\"]}]}<\/script>\n<!-- \/ Yoast SEO plugin. -->","yoast_head_json":{"title":"Damian Kocur - DFFB","robots":{"index":"index","follow":"follow","max-snippet":"max-snippet:-1","max-image-preview":"max-image-preview:large","max-video-preview":"max-video-preview:-1"},"canonical":"https:\/\/www.dffb.de\/en\/person\/damian-kocur\/","og_locale":"en_US","og_type":"article","og_title":"Damian Kocur - DFFB","og_url":"https:\/\/www.dffb.de\/en\/person\/damian-kocur\/","og_site_name":"DFFB","article_publisher":"https:\/\/www.facebook.com\/deutschefilmundfernsehakademieberlin\/","article_modified_time":"2025-11-04T11:14:18+00:00","twitter_card":"summary_large_image","schema":{"@context":"https:\/\/schema.org","@graph":[{"@type":"WebPage","@id":"https:\/\/www.dffb.de\/en\/person\/damian-kocur\/","url":"https:\/\/www.dffb.de\/en\/person\/damian-kocur\/","name":"Damian Kocur - DFFB","isPartOf":{"@id":"https:\/\/www.dffb.de\/#website"},"datePublished":"2025-11-04T11:14:17+00:00","dateModified":"2025-11-04T11:14:18+00:00","breadcrumb":{"@id":"https:\/\/www.dffb.de\/en\/person\/damian-kocur\/#breadcrumb"},"inLanguage":"en-US","potentialAction":[{"@type":"ReadAction","target":["https:\/\/www.dffb.de\/en\/person\/damian-kocur\/"]}]},{"@type":"BreadcrumbList","@id":"https:\/\/www.dffb.de\/en\/person\/damian-kocur\/#breadcrumb","itemListElement":[{"@type":"ListItem","position":1,"name":"Startseite","item":"https:\/\/www.dffb.de\/en\/"},{"@type":"ListItem","position":2,"name":"Damian Kocur"}]},{"@type":"WebSite","@id":"https:\/\/www.dffb.de\/#website","url":"https:\/\/www.dffb.de\/","name":"DFFB","description":"Deutsche Film- und Fernsehakademie Berlin","publisher":{"@id":"https:\/\/www.dffb.de\/#organization"},"potentialAction":[{"@type":"SearchAction","target":{"@type":"EntryPoint","urlTemplate":"https:\/\/www.dffb.de\/?s={search_term_string}"},"query-input":{"@type":"PropertyValueSpecification","valueRequired":true,"valueName":"search_term_string"}}],"inLanguage":"en-US"},{"@type":"Organization","@id":"https:\/\/www.dffb.de\/#organization","name":"Deutsche Film- und Fernsehakademie Berlin","url":"https:\/\/www.dffb.de\/","logo":{"@type":"ImageObject","inLanguage":"en-US","@id":"https:\/\/www.dffb.de\/#\/schema\/logo\/image\/","url":"https:\/\/www.dffb.de\/wp-content\/uploads\/2018\/11\/DFFB-LOGO-RGB-SCHWARZ-ab-40mm.jpg","contentUrl":"https:\/\/www.dffb.de\/wp-content\/uploads\/2018\/11\/DFFB-LOGO-RGB-SCHWARZ-ab-40mm.jpg","width":3000,"height":982,"caption":"Deutsche Film- und Fernsehakademie Berlin"},"image":{"@id":"https:\/\/www.dffb.de\/#\/schema\/logo\/image\/"},"sameAs":["https:\/\/www.facebook.com\/deutschefilmundfernsehakademieberlin\/","https:\/\/www.instagram.com\/dffb_berlin_filmschool\/"]}]}},"_links":{"self":[{"href":"https:\/\/www.dffb.de\/en\/wp-json\/wp\/v2\/person\/53712","targetHints":{"allow":["GET"]}}],"collection":[{"href":"https:\/\/www.dffb.de\/en\/wp-json\/wp\/v2\/person"}],"about":[{"href":"https:\/\/www.dffb.de\/en\/wp-json\/wp\/v2\/types\/person"}],"wp:attachment":[{"href":"https:\/\/www.dffb.de\/en\/wp-json\/wp\/v2\/media?parent=53712"}],"wp:term":[{"taxonomy":"category","embeddable":true,"href":"https:\/\/www.dffb.de\/en\/wp-json\/wp\/v2\/categories?post=53712"},{"taxonomy":"post_tag","embeddable":true,"href":"https:\/\/www.dffb.de\/en\/wp-json\/wp\/v2\/tags?post=53712"}],"curies":[{"name":"wp","href":"https:\/\/api.w.org\/{rel}","templated":true}]}}

Damian Kocur is a director, screenwriter, and cinematographer, and a PhD student at the Łódź Film School. He is the author of several internationally awarded short films. His debut feature BREAD AND SALT (2022) won the Special Jury Prize in the Orizzonti competition at the 2022 Venice Film Festival and received awards at Cairo IFF, Antalya IFF, Cottbus Film Festival, Gijón, and many others. His short film AS IT WAS (2023) was nominated for the Palme d’Or in 2023. His latest feature will premiere at the Toronto International Film Festival.
